{"id":362,"date":"2023-10-23T20:41:35","date_gmt":"2023-10-23T18:41:35","guid":{"rendered":"https:\/\/aumea.org\/?page_id=362"},"modified":"2023-10-27T18:10:47","modified_gmt":"2023-10-27T16:10:47","slug":"les-travaux-a-realiser","status":"publish","type":"page","link":"https:\/\/aumea.org\/index.php\/les-travaux-a-realiser\/","title":{"rendered":"Les travaux \u00e0 r\u00e9aliser"},"content":{"rendered":"\n<p>L&rsquo;\u00e9tat g\u00e9n\u00e9ral de l&rsquo;\u00e9glise r\u00e9alis\u00e9 par la conservation r\u00e9gionale des monuments historiques r\u00e9v\u00e8le un mauvais \u00e9tat sanitaire et une \u00e9volution  rapide des d\u00e9gradations.<\/p>\n\n\n\n<p>En particulier : <\/p>\n\n\n\n<ul class=\"wp-block-list\">\n<li>les bas-c\u00f4t\u00e9s de la nef: fa\u00eetage, entr\u00e9e d&rsquo;eau sur la couverture&#8230;<\/li>\n\n\n\n<li>le clocher : fissure sur la fa\u00e7ade, couverture, charpente&#8230;<\/li>\n\n\n\n<li>La Chapelle du S\u00e9pulcre : murs, d\u00e9cor, tombeau&#8230;<\/li>\n\n\n\n<li>La Chapelle de la Vierge<\/li>\n\n\n\n<li>le r\u00e9seau \u00e9lectrique<\/li>\n\n\n\n<li>les ma\u00e7onneries int\u00e9rieures : humidit\u00e9 des murs int\u00e9rieurs.<\/li>\n\n\n\n<li>Etc.<\/li>\n<\/ul>\n\n\n\n<figure class=\"wp-block-gallery has-nested-images columns-2 is-cropped wp-block-gallery-1 is-layout-flex wp-block-gallery-is-layout-flex\">\n<figure class=\"wp-block-image size-large\"><img loading=\"lazy\" decoding=\"async\" width=\"1024\" height=\"768\" data-id=\"468\" src=\"https:\/\/aumea.org\/wp-content\/uploads\/2023\/10\/WhatsApp-Image-2023-10-27-at-17.56.30-1024x768.jpeg\" alt=\"\" class=\"wp-image-468\" srcset=\"https:\/\/aumea.org\/wp-content\/uploads\/2023\/10\/WhatsApp-Image-2023-10-27-at-17.56.30-1024x768.jpeg 1024w, https:\/\/aumea.org\/wp-content\/uploads\/2023\/10\/WhatsApp-Image-2023-10-27-at-17.56.30-300x225.jpeg 300w, https:\/\/aumea.org\/wp-content\/uploads\/2023\/10\/WhatsApp-Image-2023-10-27-at-17.56.30-768x576.jpeg 768w, https:\/\/aumea.org\/wp-content\/uploads\/2023\/10\/WhatsApp-Image-2023-10-27-at-17.56.30-1536x1152.jpeg 1536w, https:\/\/aumea.org\/wp-content\/uploads\/2023\/10\/WhatsApp-Image-2023-10-27-at-17.56.30.jpeg 2000w\" sizes=\"auto, (max-width: 1024px) 100vw, 1024px\" \/><\/figure>\n\n\n\n<figure class=\"wp-block-image size-large\"><img loading=\"lazy\" decoding=\"async\" width=\"1024\" height=\"768\" data-id=\"471\" src=\"https:\/\/aumea.org\/wp-content\/uploads\/2023\/10\/WhatsApp-Image-2023-10-27-at-17.56.31-1024x768.jpeg\" alt=\"\" class=\"wp-image-471\" srcset=\"https:\/\/aumea.org\/wp-content\/uploads\/2023\/10\/WhatsApp-Image-2023-10-27-at-17.56.31-1024x768.jpeg 1024w, https:\/\/aumea.org\/wp-content\/uploads\/2023\/10\/WhatsApp-Image-2023-10-27-at-17.56.31-300x225.jpeg 300w, https:\/\/aumea.org\/wp-content\/uploads\/2023\/10\/WhatsApp-Image-2023-10-27-at-17.56.31-768x576.jpeg 768w, https:\/\/aumea.org\/wp-content\/uploads\/2023\/10\/WhatsApp-Image-2023-10-27-at-17.56.31-1536x1152.jpeg 1536w, https:\/\/aumea.org\/wp-content\/uploads\/2023\/10\/WhatsApp-Image-2023-10-27-at-17.56.31.jpeg 2000w\" sizes=\"auto, (max-width: 1024px) 100vw, 1024px\" \/><\/figure>\n\n\n\n<figure class=\"wp-block-image size-large\"><img loading=\"lazy\" decoding=\"async\" width=\"1024\" height=\"768\" data-id=\"469\" src=\"https:\/\/aumea.org\/wp-content\/uploads\/2023\/10\/WhatsApp-Image-2023-10-27-at-17.56.31-3-1024x768.jpeg\" alt=\"\" class=\"wp-image-469\" srcset=\"https:\/\/aumea.org\/wp-content\/uploads\/2023\/10\/WhatsApp-Image-2023-10-27-at-17.56.31-3-1024x768.jpeg 1024w, https:\/\/aumea.org\/wp-content\/uploads\/2023\/10\/WhatsApp-Image-2023-10-27-at-17.56.31-3-300x225.jpeg 300w, https:\/\/aumea.org\/wp-content\/uploads\/2023\/10\/WhatsApp-Image-2023-10-27-at-17.56.31-3-768x576.jpeg 768w, https:\/\/aumea.org\/wp-content\/uploads\/2023\/10\/WhatsApp-Image-2023-10-27-at-17.56.31-3-1536x1152.jpeg 1536w, https:\/\/aumea.org\/wp-content\/uploads\/2023\/10\/WhatsApp-Image-2023-10-27-at-17.56.31-3.jpeg 2000w\" sizes=\"auto, (max-width: 1024px) 100vw, 1024px\" \/><\/figure>\n\n\n\n<figure class=\"wp-block-image size-large\"><img loading=\"lazy\" decoding=\"async\" width=\"768\" height=\"1024\" data-id=\"470\" src=\"https:\/\/aumea.org\/wp-content\/uploads\/2023\/10\/WhatsApp-Image-2023-10-27-at-17.56.31-2-768x1024.jpeg\" alt=\"\" class=\"wp-image-470\" srcset=\"https:\/\/aumea.org\/wp-content\/uploads\/2023\/10\/WhatsApp-Image-2023-10-27-at-17.56.31-2-768x1024.jpeg 768w, https:\/\/aumea.org\/wp-content\/uploads\/2023\/10\/WhatsApp-Image-2023-10-27-at-17.56.31-2-225x300.jpeg 225w, https:\/\/aumea.org\/wp-content\/uploads\/2023\/10\/WhatsApp-Image-2023-10-27-at-17.56.31-2-1152x1536.jpeg 1152w, https:\/\/aumea.org\/wp-content\/uploads\/2023\/10\/WhatsApp-Image-2023-10-27-at-17.56.31-2.jpeg 1500w\" sizes=\"auto, (max-width: 768px) 100vw, 768px\" \/><\/figure>\n\n\n\n<figure class=\"wp-block-image size-large\"><img loading=\"lazy\" decoding=\"async\" width=\"768\" height=\"1024\" data-id=\"472\" src=\"https:\/\/aumea.org\/wp-content\/uploads\/2023\/10\/WhatsApp-Image-2023-10-27-at-17.56.31-1-768x1024.jpeg\" alt=\"\" class=\"wp-image-472\" srcset=\"https:\/\/aumea.org\/wp-content\/uploads\/2023\/10\/WhatsApp-Image-2023-10-27-at-17.56.31-1-768x1024.jpeg 768w, https:\/\/aumea.org\/wp-content\/uploads\/2023\/10\/WhatsApp-Image-2023-10-27-at-17.56.31-1-225x300.jpeg 225w, https:\/\/aumea.org\/wp-content\/uploads\/2023\/10\/WhatsApp-Image-2023-10-27-at-17.56.31-1-1152x1536.jpeg 1152w, https:\/\/aumea.org\/wp-content\/uploads\/2023\/10\/WhatsApp-Image-2023-10-27-at-17.56.31-1.jpeg 1500w\" sizes=\"auto, (max-width: 768px) 100vw, 768px\" \/><\/figure>\n<\/figure>\n\n\n\n<p>La perspective d&rsquo;une restauration de l&rsquo;\u00e9glise est un programme de longue haleine dont la premi\u00e8re \u00e9tape est la r\u00e9alisation d&rsquo;un diagnostic venant compl\u00e9ter et actualiser celui men\u00e9 en 2004.<\/p>\n\n\n\n<p>Ce diagnostic sera suivi d&rsquo;une mission de ma\u00eetre d&rsquo;oeuvre incluant la conception puis la r\u00e9alisation des travaux de restauration.<\/p>\n\n\n\n<ul class=\"wp-block-list\">\n<li><\/li>\n<\/ul>\n\n\n\n<iframe id=\"haWidget\" allowtransparency=\"true\" src=\"https:\/\/www.helloasso.com\/associations\/aumea\/formulaires\/1\/widget-bouton\" style=\"width: 100%; height: 70px; border: none;\"><\/iframe>\n","protected":false},"excerpt":{"rendered":"<p>L&rsquo;\u00e9tat g\u00e9n\u00e9ral de l&rsquo;\u00e9glise r\u00e9alis\u00e9 par la conservation r\u00e9gionale des monuments historiques r\u00e9v\u00e8le un mauvais \u00e9tat sanitaire et une \u00e9volution rapide des d\u00e9gradations. En particulier : La perspective d&rsquo;une restauration de l&rsquo;\u00e9glise est un programme de longue haleine dont la premi\u00e8re \u00e9tape est la r\u00e9alisation d&rsquo;un diagnostic venant compl\u00e9ter et actualiser celui men\u00e9 en 2004. [&hellip;]<\/p>\n","protected":false},"author":1,"featured_media":0,"parent":0,"menu_order":0,"comment_status":"closed","ping_status":"closed","template":"","meta":{"footnotes":""},"class_list":["post-362","page","type-page","status-publish","hentry"],"aioseo_notices":[],"_links":{"self":[{"href":"https:\/\/aumea.org\/index.php\/wp-json\/wp\/v2\/pages\/362","targetHints":{"allow":["GET"]}}],"collection":[{"href":"https:\/\/aumea.org\/index.php\/wp-json\/wp\/v2\/pages"}],"about":[{"href":"https:\/\/aumea.org\/index.php\/wp-json\/wp\/v2\/types\/page"}],"author":[{"embeddable":true,"href":"https:\/\/aumea.org\/index.php\/wp-json\/wp\/v2\/users\/1"}],"replies":[{"embeddable":true,"href":"https:\/\/aumea.org\/index.php\/wp-json\/wp\/v2\/comments?post=362"}],"version-history":[{"count":0,"href":"https:\/\/aumea.org\/index.php\/wp-json\/wp\/v2\/pages\/362\/revisions"}],"wp:attachment":[{"href":"https:\/\/aumea.org\/index.php\/wp-json\/wp\/v2\/media?parent=362"}],"curies":[{"name":"wp","href":"https:\/\/api.w.org\/{rel}","templated":true}]}}